he units digit of x?
4
Suppose 3*b + 73 = 436. Suppose -4*u + 43 = -b. Let l = u + -31. What is the units digit of l?
0
What is the hundreds digit of (-56)/14*(-2 + -101)?
4
Let n(u) = -19*u - 4. Let f(o) = -1. Let i(g) = 2. Let b(z) = 3*f(z) + 2*i(z). Let w(k) = 6*b(k) + n(k). What is the units digit of w(-2)?
0
Let f be (2/(-4))/((-2)/16). Suppose -2 = -3*w - w - 2*a, 4*a = f*w + 4. Let z(c) = c**3 + 31. What is the tens digit of z(w)?
3
Let a(s) = 2*s**2 - 27*s + 27. Let j be a(13). Suppose -j + 2 = -o. What is the units digit of o?
2
Let v(z) = -z + 32. Let r be v(9). Suppose f - 20 = 6*f, -f = -3*w - 38. Let i = w + r. What is the units digit of i?
9
Let t = 71 - 193. Let k = t - -242. What is the hundreds digit of k?
1
Let y(k) = 3*k. Let x be y(2). Suppose -x*m + 335 = -m. What is the tens digit of m?
6
Let s(z) = 10*z - 33. Let m(j) = -2. Let n(y) = -6*m(y) + s(y). What is the hundreds digit of n(16)?
1
Suppose 2*i = 5*t - 4*t + 10, 4 = -i - 4*t. Suppose -4*k = -8, g - 4*k = -i*g - 48. Let x(y) = -y**3 - 7*y**2 + 4*y + 8. What is the tens digit of x(g)?
4
Let o(h) = 2*h + 32. Let p be o(-16). Let d(g) = -g**3 - 2*g + 39. What is the tens digit of d(p)?
3
Let b be (12/42)/(1/7). Suppose -b*g = l - 147, -g = l - 19 - 52. What is the tens digit of g?
7
Let z be (6/(0 - -2))/(-1). Let s be (0 - 4)*(2 + z). Suppose s*a = -5*f + 87, -3*f - a + 2*a = -59. What is the tens digit of f?
1
What is the hundreds digit of ((-4)/3 - -1)/(36/(-76788))?
7
Suppose -4*t + 6318 = 5*t. Let m = -440 + t. What is the hundreds digit of m?
2
Let x be (-6)/15 - (-1881)/15. Suppose 7*y = 2*y - x. Let g = y - -48. What is the units digit of g?
3
What is the units digit of (-6)/9*-138 + -7?
5
Suppose -4*j + j = 591. Let m = -118 - j. What is the units digit of m?
9
What is the units digit of (-40)/15*1*(-1308)/8?
6
Let o(c) be the third derivative of -c**6/120 + c**5/10 + c**4/24 - c**2. Let g be o(5). Suppose -5*k = -3*k - g. What is the units digit of k?
5
Suppose 0 = m + 1 - 7. Let y be m/15 + (-168)/20. What is the units digit of (-2)/y + 348/16?
2
Suppose 0 = -4*s + 8*w - 3*w + 363, -4*w = -5*s + 465. Suppose -s - 91 = -4*x + 4*h, 0 = 3*x + 5*h - 133. Suppose -x = -4*b + 2*b. What is the tens digit of b?
2
Let z be (19/(-4)*-1)/(7/140). Let v = -70 + z. What is the tens digit of v?
2
Let j = 209 - 78. What is the units digit of j?
1
Let k(c) = c**2 + 4*c - 9. Let g be k(2). Suppose -106 = g*p - 4*p - 4*n, -4*p - n + 454 = 0. What is the units digit of p?
4
Suppose 0 = v + o - 5, -6*o = -4*v - 2*o + 60. Let b(h) = -h**2 + 18*h - 34. What is the units digit of b(v)?
6
Let s(g) = -g**2 + 7*g - 8. Let v be s(7). Let z = -8 - v. Suppose j + 3*x - 27 = -z*x, 0 = -j + 3*x + 21. What is the tens digit of j?
2
Suppose -3*u - l + 1983 + 4336 = 0, -2*l = -2*u + 4226. What is the units digit of u?
8
Suppose 2572 = 25*i - 21*i. What is the hundreds digit of i?
6
Let i = -1704 - -2449. What is the hundreds digit of i?
7
Let k = -630 + 1483. What is the tens digit of k?
5
Suppose 4*x = -12, -4*o + 4*x + 34 = 2*x. Suppose -o*q - 24 = -9*q. What is the tens digit of q?
1
Let t be 1 + -2 - (-2128)/(-7). Let y = 542 + t. What is the tens digit of y?
3
Let w = 117 - 119. What is the units digit of (4 - (-36)/(-8))/(w/84)?
1
Let s(k) = 4*k**2 + 14*k - 14. What is the tens digit of s(-7)?
8
Let d(h) = h + 7. Let p be d(-3). Suppose 4*n = 2*w - p, w + w - 3 = 5*n. What is the units digit of (16 - n) + (-3 - -7)?
9
Let u(l) = -228*l - 232. What is the hundreds digit of u(-7)?
3
Suppose -3*r + 32 = 38. What is the tens digit of 67/r*(-16 - -14)?
6
Let c = -10 + 19. Suppose -c*f + 14*f - 400 = 0. What is the units digit of f?
0
What is the hundreds digit of ((-156)/(-8))/(-13) + 1114/4?
2
Suppose 0 = -51*k + 47*k + 1296. What is the units digit of k?
4
Suppose -4*n + 162 = -238. Suppose 2*r - 280 = -n. What is the units digit of r?
0
Let n be 1/(26/12 - 2). Let j be (n/4)/(3/6). Suppose -1 = -4*p + j*p. What is the units digit of p?
1
Suppose 0*q - 3*q = 519. Let v = q + 349. What is the tens digit of v?
7
Let d(u) = 135*u + 13. What is the hundreds digit of d(1)?
1
Suppose 0 + 8 = 4*b. Suppose 3*x = i + 264, -b*i + 8 + 354 = 4*x. Let l = -33 + x. What is the tens digit of l?
5
Suppose 14*i - 13*i - 36 = 0. What is the units digit of i*(1 + 1 - 0)?
2
Suppose 0 = 19*t - 24*t + 445. What is the tens digit of t?
8
Suppose -23573 + 5057 = -12*a. What is the hundreds digit of a?
5
Let k = 1478 + -943. What is the tens digit of k?
3
Let d = -320 - -615. What is the tens digit of d?
9
Suppose -4*x = -18*a + 13*a + 16809, -5*a + 16800 = 5*x. What is the thousands digit of a?
3
Let g(t) = -40*t + 4 - 1 - 5 + 1. Let x = 18 - 19. What is the units digit of g(x)?
9
Suppose -13*t + 8*t + 8090 = 5*p, 4*t + 3*p = 6469. What is the units digit of t?
5
Suppose 8 = -3*n + q - 24, -4*n - 3*q - 34 = 0. Let f = -6 - n. Suppose -p + 30 = -2*s - 14, f*p - 2*s - 182 = 0. What is the tens digit of p?
4
Let q(y) = y - 21*y**2 + 8*y**2 + 3*y**2 + 11*y**2 - 6. What is the tens digit of q(-8)?
5
Let u be (-8)/32 - (-569)/4. Suppose z + 213 = 3*x, 6*x = 4*x - 5*z + u. What is the tens digit of x?
7
Suppose -d = -6*d - 3*o + 1330, -3*d + 5*o + 832 = 0. Suppose d = 7*r - 487. What is the units digit of r?
8
Let u(f) = 11*f - 34. Let l(j) = 20*j - 64. Let v(k) = 3*l(k) - 5*u(k). Let c = 10 + 6. What is the tens digit of v(c)?
5
Let c be (1/3)/(11/(-6) + 2). Suppose -5*z + r = -605, -z + r = -c*r - 121. What is the hundreds digit of z?
1
Suppose 3*m = -4*m. Suppose -6*b + 9*b - 198 = m. What is the units digit of b?
6
Suppose -4*x = -4*w + 1112, 0 = -9*w + 7*w - 4*x + 556. What is the tens digit of w?
7
Suppose -i - 15623 = -5*j, -2*j - 16*i = -13*i - 6239. What is the tens digit of j?
2
Let d(b) = b + 6*b - 12*b + 6*b - 3. Suppose 2 = -u + 7. What is the units digit of d(u)?
2
Let c(y) = 10 + 15*y**3 - 30*y**3 + 8*y**2 - 8*y + 14*y**3. What is the units digit of c(7)?
3
Suppose -8*i + 32 + 0 = 0. Suppose g + x + i*x - 166 = 0, -5*x = 25. What is the hundreds digit of g?
1
Let h(m) = 2*m**2 - 4*m - 3. Let g be h(3). Suppose 5*o + 7 = 3*r, -4*r - g*o = -o - 44. What is the units digit of (r - 5)*70/4?
0
What is the tens digit of 21/(-42)*2172/(-1)?
8
Let p = -1825 + 2639. What is the units digit of p?
4
Let d be -12*(-3 - (-38)/4). Let f be (-3)/(0 - (-9)/d). Suppose -5*k = -121 + f. What is the units digit of k?
9
Suppose -h = -50 + 18. What is the units digit of h?
2
Let o be (-1)/3*(-14 - -14). Suppose o*i - 2 = -2*i. What is the units digit of i?
1
Let s be (-38)/(-8) + (-12)/(-48). Suppose 4 = s*a + 54. What is the units digit of (-2)/a - 44/(-5)?
9
Let w(b) = -b**3 - b**2 - b. Let o be w(-1). What is the hundreds digit of (550 - 19)*o/3?
1
Let x = 23 - 24. What is the tens digit of 1/(-4) - x*458/8?
5
Suppose -j - 3*j + 3*y - 23 = 0, -y + 6 = -j. Let b(s) = -s**3 - s**2 + 9*s + 14. What is the units digit of b(j)?
9
Let v be (143 - 6) + (-4 - -1). Suppose 3*z - v = -2*j, -6*z + 335 = 5*j - 5*z. What is the units digit of j?
7
Suppose -9*u = 734 - 25142. What is the tens digit of u?
1
Let d(m) be the second derivative of -m**3/6 - 8*m**2 + 9*m. Let a be d(-16). Suppose 0 = -2*c - 0*c + y + 81, a = -2*y - 2. What is the tens digit of c?
4
Suppose 76*j - 80*j + 20 = 0. Suppose -j*t + 90 = h, 2*h + 0*t - 164 = -2*t. What is the units digit of h?
0
Let s(u) be the first derivative of u**4/4 - 7*u**3/3 + 5*u**2/2 + 4. Let i(l) = l**2 + 1. Let j(r) = i(r) - s(r). What is the tens digit of j(7)?
1
Let g be (12/3 + 26/(-8))*12. What is the units digit of g/15 + -2 + 2814/10?
0
Suppose n - 120 = d + 3*d, -4*n + 3*d + 480 = 0. What is the tens digit of (n/36)/((-2)/(-30))?
5
Let b(h) = 2*h**3 - 10*h**2 + 2*h - 15. What is the units digit of b(7)?
5
Let x(u) = -447*u. Let j be x(-10). Let k be 2/8 + j/40. Let z = k + -65. What is the units digit of z?
7
Let t = -1395 - -2353. What is the units digit of t?
8
What is the units digit of (-17250)/(-42) - 12/(-42)?
1
Let y(d) be the second derivative of -2*d**3/3 + d**2 + 33*d. What is the tens digit of y(-19)?
7
Let p(q) = 3*q - 4. Let a be p(4). Let j be a/12 + 1398/9. Suppose 3*l = -l + j. What is the tens digit of l?
3
Suppose -1576 = 23*i - 8223. What is the units digit